{"id":106,"date":"2026-01-09T17:50:40","date_gmt":"2026-01-09T16:50:40","guid":{"rendered":"https:\/\/shk-news.com\/?page_id=106"},"modified":"2026-01-09T18:04:10","modified_gmt":"2026-01-09T17:04:10","slug":"impressum","status":"publish","type":"page","link":"https:\/\/shk-news.com\/index.php\/impressum\/","title":{"rendered":"Impressum"},"content":{"rendered":"\t\t<div data-elementor-type=\"wp-page\" data-elementor-id=\"106\" class=\"elementor elementor-106\" data-elementor-post-type=\"page\">\n\t\t\t\t<div class=\"aux-parallax-section elementor-element elementor-element-3f0a25e e-flex e-con-boxed e-con e-parent\" data-id=\"3f0a25e\" data-element_type=\"container\">\n\t\t\t\t\t<div class=\"e-con-inner\">\n\t\t<div class=\"elementor-element elementor-element-5f6a9ea e-con-full e-flex e-con e-child\" data-id=\"5f6a9ea\" data-element_type=\"container\">\n\t\t\t\t<div class=\"elementor-element elementor-element-843ae5c elementor-widget elementor-widget-heading\" data-id=\"843ae5c\" data-element_type=\"widget\" data-widget_type=\"heading.default\">\n\t\t\t\t<div class=\"elementor-widget-container\">\n\t\t\t\t\t<h2 class=\"elementor-heading-title elementor-size-default\">Informationen zum Websitebetreiber<\/h2>\t\t\t\t<\/div>\n\t\t\t\t<\/div>\n\t\t\t\t<div class=\"elementor-element elementor-element-a311bcf elementor-widget elementor-widget-heading\" data-id=\"a311bcf\" data-element_type=\"widget\" data-widget_type=\"heading.default\">\n\t\t\t\t<div class=\"elementor-widget-container\">\n\t\t\t\t\t<h2 class=\"elementor-heading-title elementor-size-default\">Impressum<\/h2>\t\t\t\t<\/div>\n\t\t\t\t<\/div>\n\t\t\t\t<div class=\"elementor-element elementor-element-5a1358f elementor-widget elementor-widget-text-editor\" data-id=\"5a1358f\" data-element_type=\"widget\" data-widget_type=\"text-editor.default\">\n\t\t\t\t<div class=\"elementor-widget-container\">\n\t\t\t\t\t\t\t\t\t<p>Hier finden Sie durch das Tele-Medien-Gesetz vorgeschriebene Daten und Informationen f\u00fcr die Website <a href=\"https:\/\/zds.online\/\">zds.online<\/a>.<\/p>\t\t\t\t\t\t\t\t<\/div>\n\t\t\t\t<\/div>\n\t\t\t\t<\/div>\n\t\t\t\t\t<\/div>\n\t\t\t\t<\/div>\n\t\t<div class=\"aux-parallax-section elementor-element elementor-element-0fee91f e-flex e-con-boxed e-con e-parent\" data-id=\"0fee91f\" data-element_type=\"container\">\n\t\t\t\t\t<div class=\"e-con-inner\">\n\t\t<div class=\"elementor-element elementor-element-ef07be9 e-con-full e-flex e-con e-child\" data-id=\"ef07be9\" data-element_type=\"container\">\n\t\t<div class=\"elementor-element elementor-element-767f8a9 e-con-full e-flex e-con e-child\" data-id=\"767f8a9\" data-element_type=\"container\">\n\t\t<div class=\"elementor-element elementor-element-bbe062e e-con-full e-flex e-con e-child\" data-id=\"bbe062e\" data-element_type=\"container\">\n\t\t\t\t<div class=\"elementor-element elementor-element-1c313ab elementor-widget elementor-widget-text-editor\" data-id=\"1c313ab\" data-element_type=\"widget\" data-widget_type=\"text-editor.default\">\n\t\t\t\t<div class=\"elementor-widget-container\">\n\t\t\t\t\t\t\t\t\t<p><strong>Deutschland:\u00a0<\/strong><\/p><p>Zander Digital Services Deutschland GmbH<br \/>Zweibr\u00fccker Hof 7<br \/>58313 Herdecke<\/p><p>Tel.: 02302 9490012<br \/>E-Mail: <a href=\"mailto:info@zds.online\">info@zds.online<\/a><\/p><p>HRB-Nr: Amtsgericht Hagen HRB 13033<br \/>Umsatzsteuer Identifikationsnr: DE249916884<\/p><p><strong>Gesch\u00e4ftsf\u00fchrer:<\/strong><br \/>Andreas Berth, Lars Biewald<\/p>\t\t\t\t\t\t\t\t<\/div>\n\t\t\t\t<\/div>\n\t\t\t\t<\/div>\n\t\t<div class=\"elementor-element elementor-element-e090f1e e-con-full e-flex e-con e-child\" data-id=\"e090f1e\" data-element_type=\"container\">\n\t\t\t\t<div class=\"elementor-element elementor-element-3277523 elementor-widget elementor-widget-text-editor\" data-id=\"3277523\" data-element_type=\"widget\" data-widget_type=\"text-editor.default\">\n\t\t\t\t<div class=\"elementor-widget-container\">\n\t\t\t\t\t\t\t\t\t<p><strong>Spanien:<\/strong><\/p><p>Zander Digital Services International S.L.<br \/>C\/Rossell\u00f3, 188 4C,<br \/>08008 Barcelona<\/p><p>Tel: +34 935 329 378<br \/>E-Mail: <a href=\"mailto:mrr@zds.es\">mrr@zds.es<\/a><\/p><p><strong>Gesch\u00e4ftsf\u00fchrer:<\/strong> <br \/>Manuel Riveiro Rodr\u00edguez<\/p>\t\t\t\t\t\t\t\t<\/div>\n\t\t\t\t<\/div>\n\t\t\t\t<\/div>\n\t\t\t\t<\/div>\n\t\t\t\t<div class=\"elementor-element elementor-element-69f06d1 elementor-widget elementor-widget-text-editor\" data-id=\"69f06d1\" data-element_type=\"widget\" data-widget_type=\"text-editor.default\">\n\t\t\t\t<div class=\"elementor-widget-container\">\n\t\t\t\t\t\t\t\t\t<p><strong>Datenschutz<\/strong><\/p><p>Wir, Zander Digital Services Deutschland GmbH, nehmen den Schutz Ihrer pers\u00f6nlichen Daten sehr ernst und halten uns strikt an die Regeln der Datenschutzgesetze. Personenbezogene Daten werden auf dieser Webseite nur im technisch notwendigen Umfang erhoben. In keinem Fall werden die erhobenen Daten verkauft oder aus anderen Gr\u00fcnden an Dritte weitergegeben. Die nachfolgende Erkl\u00e4rung gibt einen \u00dcberblick dar\u00fcber, wie wir diesen Schutz gew\u00e4hrleisten und welche Art von Daten zu welchen Zweck verwendet werden .<\/p><p><strong>Datenverarbeitung auf dieser Internetseite<\/strong><br \/>Zander Digital Services Deutschland GmbH\u00a0erheben und speichern automatisch in ihren Server Log Files Informationen, die Ihr Browser an uns \u00fcbermittelt. Dies sind:<\/p><ul><li>Browsertyp\/-version<\/li><li>verwendetes Betriebssystem<\/li><li>Referrer URL (die zuvor besuchte Seite)<\/li><li>Hostname des zugreifenden Rechners (IP Adresse)<\/li><li>Uhrzeit der Serveranfrage<\/li><\/ul><p>Diese Daten sind f\u00fcr Zander Digital Services Deutschland GmbH\u00a0nicht bestimmten Personen zuordenbar. Eine Zusammenf\u00fchrung dieser Daten mit anderen Datenquellen wird nicht vorgenommen, die Daten werden nach einer statistischen Auswertung gel\u00f6scht.<\/p><p><strong>Cookies<\/strong><br \/>Die Internetseiten verwenden an mehreren Stellen sogenannte Cookies. Sie denen dazu, unser Angebot nutzerfreundlicher, effektiver und sicherer zu machen. Cookies sind kleine Textdateien, die auf Ihrem Rechner abgelegt werden und die ihr Browser speichert. Die meisten der von uns verwendeten Cookies sind sogenannte \u201eSession-Cookies\u201c. Sie werden nach Ende Ihres Besuchs automatisch gel\u00f6scht. Cookies richten auf Ihrem Rechner keinen Schaden an und enthalten keine Viren.<\/p><p><strong>Newsletter<\/strong><br \/>Ihre Einwilligung zur Speicherung der Daten, der E-Mail-Adresse sowie deren Nutzung zum Versand des Newsletters k\u00f6nnen Sie jederzeit widerrufen.<\/p><p><strong>Auskunftsrecht<\/strong><br \/>Wenn Sie den auf der Website angebotenen Newsletter empfangen m\u00f6chten, ben\u00f6tigen wir von Ihnen eine valide E-Mail-Adresse sowie Informationen, die uns die \u00dcberpr\u00fcfung gestatten, dass Sie der Inhaber der angegebenen E-Mail-Adresse sind bzw. deren Inhaber mit dem Empfang des Newsletter einverstanden sind. Weitere Daten werden nicht erhoben.<br \/>Sie haben jederzeit das Recht auf Auskunft \u00fcber die bez\u00fcglich Ihrer Person gespeicherten Daten. deren Herkunft und Empf\u00e4nger sowie den Zweck der Speicherung. Auskunft \u00fcber die gespeicherten Daten gibt der externe Datenschutzbeauftragte der Zander Digital Services Deutschland GmbH Rechtsanwalt Dr. Nils Helmke.<\/p><p>RA Dr. Nils Helmke<br \/>Waldring 43-47<br \/>44789 Bochum<br \/>0232428253320<\/p><p><a href=\"mailto:datenschutz@agad.de\">datenschutz@agad.de<\/a><\/p><p><strong>Weitere Informationen<\/strong><br \/>Ihr Vertrauen ist uns wichtig. Daher m\u00f6chten wir Ihnen Rede und Antwort bez\u00fcglich der Verarbeitung Ihrer personenbezogenen Daten stehen. Wenn Sie Fragen haben, die Ihnen diese Datenschutzerkl\u00e4rung nicht beantworten konnte oder wenn Sie zu einem Punkt vertiefte Informationen w\u00fcnschen, wenden Sie sich bitte jederzeit an den externen Datenschutzbeauftragten der Zander Digital Services Deutschland GmbH\u00a0Rechtsanwalt Dr. Nils Helmke.<\/p><p><a href=\"mailto:datenschutz@agad.de\">datenschutz@agad.de<\/a><\/p>\t\t\t\t\t\t\t\t<\/div>\n\t\t\t\t<\/div>\n\t\t\t\t<\/div>\n\t\t\t\t\t<\/div>\n\t\t\t\t<\/div>\n\t\t\t\t<\/div>\n\t\t","protected":false},"excerpt":{"rendered":"<p>Informationen zum Websitebetreiber Impressum Hier finden Sie durch das Tele-Medien-Gesetz vorgeschriebene Daten und Informationen f\u00fcr die Website zds.online. Deutschland:\u00a0 Zander Digital Services Deutschland GmbHZweibr\u00fccker Hof 758313 Herdecke Tel.: 02302 9490012E-Mail: info@zds.online HRB-Nr: Amtsgericht Hagen HRB 13033Umsatzsteuer Identifikationsnr: DE249916884 Gesch\u00e4ftsf\u00fchrer:Andreas Berth, Lars Biewald Spanien: Zander Digital Services International S.L.C\/Rossell\u00f3, 188 4C,08008 Barcelona Tel: +34 935 329 [&hellip;]<\/p>\n","protected":false},"author":1,"featured_media":0,"parent":0,"menu_order":0,"comment_status":"closed","ping_status":"closed","template":"","meta":{"footnotes":""},"class_list":["post-106","page","type-page","status-publish","hentry"],"_links":{"self":[{"href":"https:\/\/shk-news.com\/index.php\/wp-json\/wp\/v2\/pages\/106","targetHints":{"allow":["GET"]}}],"collection":[{"href":"https:\/\/shk-news.com\/index.php\/wp-json\/wp\/v2\/pages"}],"about":[{"href":"https:\/\/shk-news.com\/index.php\/wp-json\/wp\/v2\/types\/page"}],"author":[{"embeddable":true,"href":"https:\/\/shk-news.com\/index.php\/wp-json\/wp\/v2\/users\/1"}],"replies":[{"embeddable":true,"href":"https:\/\/shk-news.com\/index.php\/wp-json\/wp\/v2\/comments?post=106"}],"version-history":[{"count":4,"href":"https:\/\/shk-news.com\/index.php\/wp-json\/wp\/v2\/pages\/106\/revisions"}],"predecessor-version":[{"id":110,"href":"https:\/\/shk-news.com\/index.php\/wp-json\/wp\/v2\/pages\/106\/revisions\/110"}],"wp:attachment":[{"href":"https:\/\/shk-news.com\/index.php\/wp-json\/wp\/v2\/media?parent=106"}],"curies":[{"name":"wp","href":"https:\/\/api.w.org\/{rel}","templated":true}]}}